tor of 3124 and 88.
44
Calculate the highest common factor of 14126 and 70.
14
What is the greatest common divisor of 5580 and 1085?
155
Calculate the highest common divisor of 38 and 931.
19
Calculate the highest common factor of 48 and 6600.
24
What is the highest common factor of 26 and 559?
13
What is the greatest common factor of 24 and 108?
12
What is the highest common divisor of 94 and 29?
1
Calculate the greatest common factor of 77 and 264.
11
What is the highest common factor of 60 and 500?
20
What is the greatest common factor of 70 and 45?
5
What is the highest common factor of 3 and 511?
1
What is the highest common divisor of 4 and 3244?
4
Calculate the greatest common factor of 26 and 4.
2
Calculate the greatest common factor of 54 and 26136.
54
What is the highest common factor of 800 and 48?
16
Calculate the highest common divisor of 3858 and 6.
6
Calculate the highest common divisor of 770 and 550.
110
What is the greatest common factor of 4247 and 31?
31
Calculate the greatest common divisor of 6 and 622.
2
What is the highest common factor of 621 and 23?
23
What is the highest common divisor of 13 and 1703?
13
What is the highest common factor of 23 and 1633?
23
Calculate the greatest common factor of 410 and 730.
10
What is the highest common divisor of 572 and 156?
52
Calculate the highest common factor of 6 and 258.
6
What is the highest common divisor of 9 and 63?
9
What is the greatest common factor of 22 and 6?
2
Calculate the greatest common divisor of 12 and 394.
2
What is the greatest common divisor of 203 and 29?
29
What is the highest common factor of 70 and 70?
70
Calculate the highest common divisor of 3983 and 14.
7
What is the greatest common factor of 874 and 38?
38
Calculate the highest common factor of 99 and 627.
33
What is the highest common factor of 3 and 1821?
3
Calculate the greatest common divisor of 20 and 220.
20
What is the highest common factor of 6354 and 72?
18
What is the highest common divisor of 10 and 65?
5
What is the greatest common divisor of 2 and 2606?
2
Calculate the highest common divisor of 252 and 84.
84
Calculate the highest common divisor of 75 and 1475.
25
Calculate the highest common divisor of 4661 and 118.
59
What is the greatest common factor of 336 and 21?
21
Calculate the highest common factor of 54 and 18.
18
What is the greatest common divisor of 385 and 88?
11
What is the greatest common divisor of 39 and 453?
3
What is the highest common divisor of 603 and 33?
3
What is the greatest common divisor of 200 and 2525?
25
Calculate the highest common factor of 765 and 180.
45
What is the greatest common factor of 48 and 392?
8
What is the greatest common factor of 400 and 425?
25
Calculate the greatest common factor of 168 and 63.
21
Calculate the highest common factor of 621 and 6.
3
What is the highest common factor of 350 and 30?
10
Calculate the highest common divisor of 864 and 40.
8
What is the highest common divisor of 6 and 50?
2
What is the greatest common factor of 20 and 860?
20
What is the greatest common divisor of 2292 and 24?
12
What is the highest common factor of 567 and 42?
21
What is the greatest common divisor of 459 and 135?
27
Calculate the highest common divisor of 68 and 255.
17
What is the highest common factor of 47 and 3807?
47
What is the highest common factor of 760 and 57?
19
Calculate the highest common factor of 11745 and 630.
45
Calculate the highest common divisor of 5202 and 306.
306
Calculate the greatest common factor of 468 and 247.
13
Calculate the highest common factor of 660 and 96.
12
Calculate the highest common divisor of 528 and 256.
16
Calculate the highest common factor of 111 and 12.
3
Calculate the greatest common divisor of 8 and 204.
4
What is the greatest common divisor of 287 and 451?
41
Calculate the highest common divisor of 5609 and 237.
79
Calculate the highest common factor of 110732 and 62.
62
Calculate the greatest common factor of 208 and 273.
13
Calculate the highest common divisor of 219 and 50151.
219
Calculate the greatest common factor of 31250 and 50.
50
Calculate the greatest common factor of 1 and 286.
1
Calculate the greatest common divisor of 42 and 819.
21
Calculate the greatest common factor of 228 and 108.
12
What is the highest common factor of 9 and 657?
9
What is the greatest common factor of 91 and 117?
13
What is the highest common factor of 6 and 6378?
6
Calculate the greatest common factor of 16 and 56176.
16
Calculate the highest common divisor of 810 and 216.
54
What is the greatest common divisor of 150 and 675?
75
What is the greatest common divisor of 76 and 646?
38
What is the greatest common factor of 96 and 11504?
16
What is the highest common factor of 168 and 462?
42
What is the highest common factor of 385 and 13255?
55
Calculate the greatest common divisor of 190 and 720.
10
Calculate the highest common divisor of 786 and 524.
262
Calculate the greatest common factor of 5 and 45.
5
What is the greatest common divisor of 35292 and 408?
204
Calculate the greatest common factor of 68 and 1292.
68
What is the greatest common factor of 51 and 425?
17
What is the highest common divisor of 6 and 138?
6
What is the greatest common factor of 7 and 406?
7
What is the greatest common divisor of 294 and 84?
42
What is the greatest common factor of 111 and 1369?
37
What is the highest common divisor of 296 and 74?
74
Calculate the greatest common divisor of 246 and 205.
41
Calculate the greatest common divisor of 12621 and 21.
21
Calculate the greatest common factor of 3159 and 234.
117
What is the greatest common factor of 21 and 14?
7
What is the greatest common factor of 156 and 12?
12
What is the greatest common divisor of 154 and 14?
14
What is the greatest common divisor of 60 and 915?
15
What is the highest common divisor of 276 and 49956?
276
Calculate the greatest common divisor of 91 and 39.
13
Calculate the highest common divisor of 81 and 9.
9
Calculate the highest common divisor of 88 and 66.
22
What is the greatest common factor of 70 and 250?
10
Calculate the greatest common factor of 23233 and 7.
7
Calculate the greatest common divisor of 1441 and 473.
11
Calculate the highest common factor of 126 and 14.
14
What is the highest common factor of 17 and 119?
17
What is the highest common factor of 330 and 10?
10
Calculate the greatest common divisor of 12 and 12.
12
What is the highest common divisor of 5491 and 57?
19
Calculate the highest common divisor of 332 and 13114.
166
What is the highest common factor of 125 and 5?
5
Calculate the highest common factor of 1705 and 220.
55
What is the greatest common factor of 299 and 23?
23
Calculate the highest common divisor of 33 and 22275.
33
What is the greatest common factor of 21 and 140?
7
Calculate the highest common divisor of 32 and 24.
8
Calculate the greatest common divisor of 3 and 15.
3
What is the highest common factor of 494 and 104?
26
What is the highest common divisor of 533 and 41?
41
What is the highest common factor of 299 and 23?
23
Calculate the greatest common divisor of 460 and 1012.
92
Calculate the highest common divisor of 616 and 12474.
154
What is the greatest common factor of 22742 and 274?
274
Calculate the greatest common factor of 18 and 4041.
9
What is the greatest common divisor of 1095 and 390?
15
Calculate the highest common factor of 902 and 246.
82
What is the highest common factor of 231 and 561?
33
Calculate the greatest common divisor of 35 and 133.
7
What is the highest common divisor of 776 and 64?
8
What is the highest common factor of 3444 and 1107?
123
What is the highest common factor of 8742 and 846?
282
What is the greatest common factor of 12 and 11964?
12
What is the greatest common divisor of 356 and 232?
4
What is the highest common factor of 120 and 540?
60
What is the highest common divisor of 588 and 96?
12
Calculate the greatest common factor of 28 and 434.
14
What is the highest common divisor of 130 and 40?
10
Calculate the highest common divisor of 34 and 20366.
34
Calculate the highest common factor of 95 and 145.
5
Calculate the greatest common divisor of 39 and 12.
3
What is the highest common divisor of 44 and 242?
22
What is the highest common divisor of 10 and 22?